+ -1 - (18 + -17).
-4
What is the value of -6 - (-13 - (1 - 7))?
1
What is 2 - (7 + -2 + 3 - 2)?
-4
What is the value of (4 - -6) + -6 - -1?
5
What is 1 + (-2 - -2) - 9?
-8
Calculate -3 - 17 - (19 - 30).
-9
What is -1 + 0 - (0 + -7 - -12)?
-6
What is 6 - (-7 - -11 - 3)?
5
Calculate 14 - 7 - (-2 - -4).
5
Calculate -2 - (7 - 3) - (2 + -9).
1
-2 + 2 + 2 + (3 - 4)
1
Evaluate (3 - -5) + (1 - 14).
-5
8 - 10 - ((0 - 9) + 3)
4
Evaluate 1 + (6 + -2 - 6).
-1
What is the value of (1 - (1 + 1) - -2) + 3?
4
Evaluate -2 - (4 - (5 - 3) - 1).
-3
What is (-5 - (6 + -3)) + 5?
-3
8 + (-11 + 17 - 11)
3
What is 7 + -4 + 10 + -15?
-2
(13 - (5 - -1)) + -19 + 8
-4
What is the value of (-9 - 0) + 20 + -9?
2
Evaluate 13 - 7 - 12 - -8.
2
What is the value of 7 + (-2 - (8 + -4 - 5))?
6
-5 - ((2 - 9) + 5)
-3
What is the value of 5 + -4 + 5 + -7?
-1
Evaluate 6 + 8 + -9 - 7.
-2
Evaluate -146 + 150 + -1 + 2 + -3.
2
What is the value of -3 + 5 + 14 + -7?
9
Calculate 2 - -1 - (0 + (4 - 5)).
4
9 + -2 + 4 - 4
7
Evaluate 2 + -4 - (1 - 4).
1
Evaluate -8 + 11 - 11 - 0.
-8
What is the value of -5 + (-7 + 3 - -4) + 10?
5
-4 + 0 - (0 - 3)
-1
What is (-10 - -15) + (-2 - -1)?
4
What is the value of (-1 - (2 + -5) - 1) + -1?
0
What is 0 + 0 + -2 + 1 + 2?
1
What is the value of (0 - (2 - 3)) + -3?
-2
4 + (4 - (7 + -4)) - 3
2
Calculate -2 + -3 + -2 - -4.
-3
What is (-21 - -9) + 13 + 0 + 1?
2
Calculate 4 + 1 + (-8 - (-4 - 0)).
1
3 + 1 + -30 + 30
4
What is -3 + 9 + -4 + -5?
-3
Calculate -2 - (-30 - -26 - (4 - -1)).
7
What is -5 + (1 - -3) + 4?
3
What is 6 + 6 + 1 + -14?
-1
Evaluate 3 - -1 - (-18 - -21).
1
-155 + 160 + (-1 - (0 - -1))
3
(4 - (-4 - -8)) + -8
-8
-3 - 1 - (-22 + 21)
-3
What is the value of -7 - (36 + -39 - (1 + 2))?
-1
Calculate (2 - -14) + -4 + -1 - 6.
5
Calculate 1 + 3 + -6 + 11.
9
Calculate (-5 + 1 - -4) + -2 - -6.
4
-13 - (-8 + 9) - -7
-7
-2 + 7 + -6 + 4
3
What is the value of -8 + (-3 + 7 - (3 - 3))?
-4
Evaluate 7 + -10 + (-3 - -2).
-4
3 - 8 - (2 - 0)
-7
What is the value of 149 + -145 - (10 - 1)?
-5
What is 2 - -8 - 5 - 3?
2
Calculate 4 - (7 + (-1 + 2 - 5)).
1
What is the value of -3 - -8 - (1 + 9)?
-5
Calculate (-13 + 10 - 0) + (1 - 2).
-4
What is (20 - 21 - (-1 + -3)) + -9?
-6
What is 0 - (6 + -4 + 1 + 0)?
-3
Calculate -8 + (3 + 2 - (3 + -1)).
-5
What is -7 + 4 + 3 + -4?
-4
Evaluate 5 - (2 + 17 + -10).
-4
(-1 - -4 - -6) + 3 + -5
7
Calculate -2 - (-1 + (-5 - (2 + 0))).
6
Calculate (1 - 1) + -1 + -10 + 12.
1
(-1 - -7) + -6 + 0
0
Evaluate 65 + -65 + (-1 - -2).
1
What is -8 + (2 - -14 - (14 + -13))?
7
Evaluate -6 + 5 - (-1 + 2).
-2
What is the value of -14 - (-5 - 8) - (5 + 2)?
-8
What is the value of -14 + 20 - 10 - -3?
-1
Calculate (-19 - -18) + -5 + 1.
-5
What is the value of -13 + 14 - (1 + 0 + 0)?
0
What is (-5 - -5) + -4 + 1 + -1?
-4
Calculate -4 - 2 - (2 + -5) - 0.
-3
(9 - 14) + (4 - (-5 - -2))
2
Calculate (7 - 11) + 6 - (0 - -1).
1
Calculate 1 + -8 + (7 - -2 - -5).
7
(-1 + 4 - 6) + 1
-2
What is the value of -2 + -14 + 8 - -3?
-5
Evaluate 1 + -3 + 12 + -7.
3
Calculate (-1 - -8) + (-12 - -7).
2
What is the value of 73 + -65 + (-2 - 4)?
2
Evaluate -4 - (-14 + 4 + 4).
2
Evaluate 2 - ((7 - -7) + -2).
-10
What is -3 - ((3 - (5 - 1)) + -1)?
-1
Calculate (-2 - -4) + 4 + -1.
5
What is the value of -4 + -1 - (-1 - (8 - -3))?
7
Calculate -6 - (-7 - 5) - 9.
-3
Evaluate 1 - (-6 - (-5 + 5) - -6).
1
15 - 24 - (-1 - 3)
-5
What is -30 - -27 - (1 + 1)?
-5
Evaluate -8 + (-1 - ((-6 - 3) + 7)).
-7
Evaluate 2 + -6 + (-1 - -2).
-3
Calculate (-4 - (-6 - 2)) + -9 + -3.
-8
What is 6 - 5 - (0 + 2 - -2)?
-3
Evaluate 13 + (4 - 5) + -6.
6
Evaluate 3 - (7 - -5) - -16.
7
(-3 - (-6 + 6)) + (-2 - 0)
-5
What is (-2 - -3) + 7 + -5 + 1?
4
Calculate 0 + 3 + 1 + -8.
-4
Evaluate -1 - (0 + (-6 - -5)).
0
What is -1 + -3 - (4 - (11 + -3))?
0
Evaluate -3 - -9 - (7 + 2 + -2).
-1
What is (3 - -2) + -2 - (-3 + 6)?
0
Calculate (5 - -1) + 1 + -4.
3
Calculate 14 + -4 + -3 - 5.
2
Evaluate 2 - 8 - (-89 - -77).
6
What is (-9 - -3) + 0 + 0 - -9?
3
Calculate -4 - ((-9 - -8) + -2 + -2).
1
What is the value of -3 + 2 + 1 - 1?
-1
What is the value of (0 + (7 - -2) - 7) + 4?
6
(-5 - -3) + (3 - (4 - 5))
2
11 + -16 - (-4 - 2) - 6
-5
What is -3 + 0 + -5 + 12?
4
What is the value of 2 - 0 - (-2 - -6)?
-2
-9 - (8 + (7 + -20 - 3))
-1
9 + (4 - (12 + -4 + 0))
5
Calculate -1 - 0 - (-5 - 0 - -9).
-5
What is 1 - (8 + 0 + -1)?
-6
What is 10 - (0 + 5 + 2)?
3
What is -7 + 9 + (-3 - 1)?
-2
Evaluate 4 - ((4 - 2) + (-1 - -3)).
0
What is the value of (0 - 5) + 1 + -6 + 11?
1
Evaluate -6 + 11 - (1 + (3 - 0)).
1
Calculate -7 + 6 - (-2 + 0).
1
Evaluate (2 - 2 - (2 - 1)) + 2.
1
3 + 3 + (4 - 4)
6
What is the value of 2 + 4 + (4 - 13)?
-3
Calculate 1 + 5 + -13 + 6.
-1
-6 - (-5 - (7 - 9))
-3
What is -4 + 5 + 0 - 4?
-3
What is (-6 - -7) + (-1 - 4) + -4?
-8
What is -3 + 4 + 0 + (5 - 1)?
5
What is (4 - (0 + 3)) + 0?
1
What is the value of 15 - (0 - (-6 - 4))?
5
Calculate -4 - ((-8 - -1) + 2).
1
Evaluate 4 + (6 - 12) - -5.
3
What is the value of (-5 + 8 - -2) + -9?
-4
Evaluate 0 + 1 + -5 + (-6 - -15).
5
(-3 - 1) + 9 + -2 + -3
0
What is (6 + -16 - -9) + -4?
-5
Calculate (-6 - -15) + (-3 + 4 - 4).
6
What is 0 + -2 + -1 + 3 + 4?
4
Calculate 7 + 1 + -6 + 2 - 2.
2
3 + (-6 + 5 - -4)
6
What is -13 - -14 - (3 - 1 - 1)?
0
1 + 2 + 6 + -15 + 12
6
Calculate 11 + (-10 - (1 - 9)).
9
-4 - -5 - -1 - 0
2
Evaluate 15 - 17 - (-2 - -9).
-9
What is (-2 - -7) + 16 + -24?
-3
What is the value of -8 - (-16 + -7 + 14)?
1
Calculate 2 + -4 + 0 - -4 - 3.
-1
What is the value of -1 - 6 - (-65 - -60)?
-2
What is the value of 4 + -6 + (-2 - 2) - -3?
-3
What is 2 - 3 - 2 - -2?
-1
What is the value of (11 - 4) + -11 + (0 - 3)?
-7
Calculate -6 + 0 + -1 + -2 + 5.
-4
What is -1 + 4 + (-10 - (-5 - -2))?
-4
What is the value of -1 - (5 - (1 + -1 + 5))?
-1
0 + -3 - -1 - (-1 - -1)
-2
What is the value of (-4 - (5 + -3)) + 8?
2
Evaluate 8 + -8 - -7 - 4.
3
-10 + 5 + -4 + 5
-4
What is -6 + (-2 - (-6 + 2))?
-4
What is the value of -2 + 13 + -7 + 2?
6
What is the value of (13 - 8) + -3 + -4?
-2
Calculate (-5 - (-7 - -6)) + 2.
-2
What is the value of 2 + 1 + 2 + 1 + -1?
5
What is (11 - 9) + 6 + -1?
7
What is 6 + 0 + 3 - 4?
5
Calculate 44 + -51 + 3 + 0.
-4
Calculate -1 - (8 - 7 - (-2 + -2)).
-6
Evaluate 7 - 6 - (2 - 1).
0
(2 - -2) + 4 + -4
4
7 - (0 + 2 + -7 + 5)
7
Calculate (-1 - -2) + (0 - 4) + 7.
4
What is the value of 10 + -2 + -9 + (1 - 2)?
-2
2 - (-1 - (-2 - -1))
2
What is (2 - 0) + -8 + 6 + -5?
-5
(0 - (5 + -2 + 1)) + 2
-2
Calculate 4 + 7 + (-1 - 8) + 5.
7
Calculate -7 - (6 + -2 + -7 + 6).
-10
What is the value of 3 + (0 - (2 - 0)) - 0?
1
Calculate (5 - 8) + 5 + 7 + -2.
7
Evaluate -1 + -1 + -3 + 6 + 1.
2
What is the value of 8 + -12 - (-12 - -4)?
4
Calculate -5 - -5 - -6 - 5.
1
Calculate (-5 - (-10 + (-4 - 0))) + -5.
4
3 - 0 - ((8 - 1) + -4)
0
What is the value of 6 + (2 - 5) - (-5 + 1)?
7
Calculate (5 - -1) + 20 + -19.
7
Calculate (1 - (-3 + -2)) + -7 + 0.
-1
-3 + (-2 - -6 - (4 - 0))
-3
0 - (8 + 1 - (-2 + 3))
-8
0 + -23 + 22 - (-7 + 1)
5
Evaluate -1 - (-2 - (1 + 0)).
2
Calculate 1 + 2 - (123 - 118).
-2
Evaluate (-5 - -5 - (-9 + 14)) + 11.
6
(9 - (16 - 11)) + -3 + 0
1
Evaluate -4 + 6 + (5 - (1 - -2)).
4
Calculate (9 - 8) + 2 - 2.
1
Calculate (-2 - (5 - 4)) + -1.
-4
What is -3 + (0 - (-5 - -6))?
-4
Calculate (7 - 9) + -2 + 3 - 2.
-3
Calculate -8 + (3 - -3) - 1.
-3
Calculate -4 + 0 - (-1 + -4).
1
What is -10 - ((1 - -4) + -14)?
-1
What is -1 - (5 - 12) - 4?
2
What is the value of -5 + 7 + 0 - (-3 + 1)?
4
Calculate 3 - ((-5 - -4) + -2 - 4).
10
Evaluate -60 - -61 - (3 + 0).
-2
What is 12 + (-2 - (7 - 0) - -5)?
8
Evaluate 4 + (9 - 5) + -6 + 1.
3
What is -13 + (4 - -1) - (-1 - 1)?
-6
(5 - (4 - 1)) + -5 + 4
1
What is the value of -6 - (-4 + 5 + 2 + -5)?
-4
Calculate 7 - (17 - (7 - -1)).
-2
Evaluate 1 + 1 + (7 - 5).
4
What is -178 - -194 - (11 - 1)?
6
Calculate (0 - 0) + (3 - 3).
0
What is the value of -4 + 4 + 6 + -5?
1
What is the value of 3 + (2 - 0) + 8 + -8?
5
Calculate -2 + 5 + (6 - 6).
3
-4 + 11 + -12 - 3
-8
Evaluate (40 - 29) + -3 + -2.
6
5 + 3 + -3 + 5 + -9
1
-4 - (2 + -4 + -1 - -4)
-5
Evaluate -2 + -4 + (-2 - -13) - 4.
1
Evaluate -9 + 9 + 3 + 3.
6
Calculate -3 + -1 + (10 - -4) + -5.
5
Evaluate -8 - (-6 - -2 - 0).
-4
What is the value of (2 - (-2 + 5)) + 1 - -4?
4
Calculate 12 - (2 - (-8